20 + 18 + (-9 - -3) - 37) + -15?
-60
What is the value of 295 + -319 - (0 + (-5 - -5) - (-16 - -1))?
-39
What is the value of 17 - ((-18 - -24) + 17 - 17) - -12?
23
What is the value of -3 + 12 + -32 + 2 - -54?
33
Calculate 4 - 61 - (-20 - (22 + (-3 - 41))).
-59
What is -40 - (-8 - -123) - -109?
-46
What is the value of 1 + -12 + -1 + -69 + 75 + 29?
23
42 - (-53 + 97) - 14
-16
Evaluate 146 + -86 - (-3 + (17 - 19 - (-1 - 9))).
55
What is the value of 1 - 8 - 10 - -4 - 13?
-26
-4 + (-68 - -1) + (-23 - (-8 - 6)) + -14
-94
What is (11 - -1 - (63 + -53 - 15)) + -91?
-74
What is the value of (-17 - (25 - 11 - 67)) + 1 + -5?
32
Evaluate (0 + 3 + -2 - 57) + -67 + 78 + -9.
-54
Calculate 6 + (-8 - (-44 + 4)).
38
Evaluate (-71 - (-3 - 6)) + -8.
-70
What is the value of 12 + -2 + (78 - (-7 - -150))?
-55
Evaluate (3 - 35) + 1 + (12 - 29).
-48
What is (-31 - -16) + 82 + (-12 - 4 - -18)?
69
What is the value of -600 - -591 - (-2 - (11 + -1)) - -13?
16
Calculate -32 + 76 + -9 - -5.
40
What is -13 + 34 + (9 - -4 - (-12 - -18))?
28
What is (-77 - (104 + -67)) + 68?
-46
Calculate -58 + -14 + (492 - 487).
-67
701 + -795 - (1 - 5) - -15
-75
What is the value of 48 - (-13 + -44 + 64)?
41
What is -223 - (-13 + -72) - -234?
96
What is the value of -24 - ((0 - (14 - 9 - 19)) + 2)?
-40
46 - (16 - (1 - 1 - (-73 - -64)))
39
What is the value of (-6 - -9) + 11 + (9 - 0)?
23
(0 - 10) + (6 - 2) + 52 + 41 + -47
40
What is -4 + -4 + -15 + -73 + 57?
-39
Calculate 2 + -13 - ((52 - 69) + (-66 - 5)) - 5.
72
Calculate -35 - ((0 - -14) + -16 + 39).
-72
(9 - -8 - 20 - -13) + -13 + -3 + -56
-62
-3 + -10 + 19 + -12 + 3
-3
What is the value of (-13 - (-1 - 6)) + -1 - (-17 + 2 + 1)?
7
Evaluate -79 - ((1 - -8) + (-6 - 3) + (11 - 4)).
-86
Calculate -11 + 12 + 16 + 68 + (0 - (7 + -4)).
82
What is the value of 18 + (-18 - (118 + -5)) - -19 - 3?
-97
Evaluate -16 - -31 - (3 - -13) - 14 - 9.
-24
-7 - (-43 - 13 - 2)
51
Calculate -54 - (1 - -5) - (5 + -5 + 16).
-76
What is -109 + 76 + 37 + 4 + (18 - (1 + 2))?
23
Evaluate (3 - 3 - -3) + 9 + (-1 - 0) + 53.
64
-22 - (2 + -41 + 48 + (-6 - -2))
-27
Evaluate 21 + (-47 - (109 + -64)).
-71
Calculate -45 - (9 + -80) - (7 + 88).
-69
What is 69 - (-23 - (-57 + 27))?
62
Evaluate -61 + (1 + -3 - 0) + (-311 - -315).
-59
Calculate (4 - (40 + -35)) + -125 - (11 + -2).
-135
(1 - 4) + 0 + (-12 - -6)
-9
-2 - (-35 - 1 - (-42 + 31 + 8))
31
What is (32 - 41) + -29 + 22 + -6?
-22
-51 - -29 - (3 + (5 - (1 - -20)))
-9
Evaluate -7 + -10 + 5 + (165 - 31) + -31.
91
Evaluate -48 + ((-31 - -16) + -11 - -20).
-54
What is the value of -44 + (12 - -29 - 10)?
-13
Evaluate 129 + -2 - (-31 - -6 - (327 + -365)).
114
What is (17 + -5 - 1) + -2 + (6 - -22)?
37
2 - (29 - 45 - -60)
-42
What is the value of -6 + -3 + 1 - ((-28 - -12) + 8 - 52)?
52
What is 30 - ((-77 - (-154 + 84)) + (2 - (3 - 1)))?
37
What is (35 - 31 - -24) + 33?
61
9 + (10 + -15 - 15) - -14
3
Evaluate (30 - (95 + -45)) + (53 - -1).
34
What is the value of -20 + 0 - (-31 - (-8 + 17 - -58))?
78
Evaluate (127 - 355) + (-3 - -142).
-89
Calculate 55 + (6 - (-5 - ((-13 - -10) + -5))).
58
Evaluate -65 + 37 + (-9 - -26 - 30).
-41
1 + -8 - (98 + -214 + 85)
24
What is the value of -98 - -158 - (2 + 46)?
12
What is the value of 117 + -62 - 21 - 96?
-62
Evaluate (5 - -17) + -9 - (13 - -54).
-54
What is the value of -6 - ((46 - 107) + (-4 - -25) + -7)?
41
Evaluate (-2 - -9 - ((-74 - -39) + 50)) + 75.
67
What is the value of -10 - -6 - 15 - (-62 - -36 - -15)?
-8
-55 + (82 - 16) + -96
-85
What is 72 - 77 - (-21 - -6)?
10
Calculate 7 + (-26 + 2 - (41 - 28)).
-30
Evaluate 75 - (45 - -68) - -164.
126
What is the value of 70 - (-78 - (-109 + 40))?
79
What is -2 - (-3 + (-3 - -4)) - (1575 + -1542)?
-33
Calculate (-94 - (83 + -232)) + 42.
97
What is 14 + -19 - (-32 - (-20 - 5) - (-2 - -35))?
35
(-8 - (7 + -14)) + 26 + -11 + -45
-31
What is the value of (12663 - 12651) + (66 - -1)?
79
Calculate ((2 - 5) + 0 - (421 + -430)) + -55.
-49
What is (13 - (17 - 13 - -5)) + -1 + 38?
41
Calculate -1 + 71 + (3 + 0 - 4) - (1903 + -1903).
69
What is -4 - (-10 + -1) - (-124 - -39 - -31)?
61
What is the value of -9 - ((4 + 0 - -8) + 101 + -130)?
8
Evaluate 18 - 2 - (5 + -3 - 0 - 15).
29
Evaluate 14 - 2 - (80 - ((21 - (-13 + 18)) + -14)).
-66
What is the value of -19 + 5 + (-23 - -17 - (0 - -70))?
-90
What is the value of 98 - 68 - -36 - 40?
26
Evaluate (4 - 13) + -1 + (-3 - -76) - (11 - 5).
57
Evaluate 45 + -63 + 46 + -12.
16
What is the value of -57 - (-160 - -135 - 8)?
-24
Evaluate 10 + -2 - (-164 + (30 - -110)).
32
What is 40 + 3 - (-225 + 256) - 79?
-67
Calculate -72 - (50 + -18 - (12 + 15)).
-77
What is -23 + (-3 - -4 - 23 - 0)?
-45
What is the value of -1 + -4 - ((10 - 28) + 3) - -44?
54
-15 - (6 + -14 + -11) - (0 + 4)
0
69 + -158 - (-22 - 49)
-18
Evaluate -7 + (2 - 1) + (62 - (57 - 37)).
36
Calculate -56 - (71 + -7 - 33) - -18.
-69
Calculate -61 + (-79 - (34 + -95)).
-79
Evaluate 52 - (-92 + 150 - -70).
-76
Calculate 18 - (-4 - -23) - ((3 - (3 + 6)) + -50).
55
What is the value of 30 - (-73 + (-29 - -87))?
45
Evaluate (1121 - 1087) + -8 + 114.
140
What is the value of (30 + -11 - 44) + -3?
-28
What is the value of -12 + 19 + (60 - 58)?
9
240 - (46 + 190) - (-1 + 31)
-26
(13 + 6 - 4) + -3 + (-7 - -15) + 0
20
What is 67 - (10 - (22 - 163))?
-84
What is -73 + 19 - -226 - (-2 - -41)?
133
What is 3 + -2 + (-33 - -30)?
-2
Calculate (-1 - 0) + -12 + -36 + (68 - 38).
-19
Calculate 15 - -9 - (-36 - (-65 + 12)).
7
-33 + 56 - (-111 + 9)
125
What is the value of 1 + (0 - 3) - 8 - (137 - (137 - -41))?
31
-3 + (4 - -11 - (-16 + -107)) + -24
111
What is (9 + -4 - 8 - -6) + -22?
-19
Evaluate (-14 - -15) + (5 - 0) - (106 + (-43 - -25)).
-82
What is the value of (20 - -6 - (23 + -1 + -15)) + -7?
12
Evaluate 3 + -7 + 48 + -22 + 6.
28
What is the value of -95 + 15 + -25 + 78?
-27
Calculate (862 - 816) + (-4 - -4 - -7).
53
50 + -15 + -46 + -25
-36
-4 + -34 + -50 + 20 + 19 + 1
-48
What is the value of (-221 - (-235 + 121)) + 122?
15
(45 + -26 - -14) + -4 + 0
29
What is -138 + 159 + (4 - 8) + 23?
40
What is 24 - (-323 + 358) - (84 + 1 + 0)?
-96
What is the value of 21 - 9 - (37 - 5) - -20?
0
What is the value of (-1 - (-2 - 0)) + (55 + -22 - 21)?
13
What is the value of 68 + -21 + -130 + 50?
-33
What is 174 - 177 - (-13 + -2) - -19?
31
Calculate 24 - 38 - (-47 - -12 - -18).
3
Calculate 2 - 54 - (713 - 741).
-24
Evaluate 5 - ((40 - 34) + -3 - (0 + 46)).
48
Calculate -4 - -7 - 17 - (3 - 60) - -15.
58
-50 - (11 - (16 - 12)) - (-20 + 3)
-40
What is the value of 6 - 11 - (35 - 30 - (-16 + 2))?
-24
What is -184 + 168 - (-58 + 0) - 14?
28
48 + 7 + -40 + -12 + 2
5
Evaluate 1 + -125 - (-121 - (-23 - 79)) - -3.
-102
20 + -59 + 32 - (-33 + (-3 - 0))
29
What is 5 + 5 - ((-3 - -9 - 2) + 9) - -2?
-1
(16 - (-20 - -30)) + 22 + (1 - (9 - 5))
25
Calculate -18 + -12 + (8 - 7) - -12 - 14.
-31
Calculate (1003 - 451 - 562) + (-48 - (-1 - 0)).
-57
What is the value of 72 - (84 + (45 - 77))?
20
Evaluate 16 + (-3 + 6 + -5 - 6) - (-32 - -3).
37
Calculate (62 - (186 + -25)) + 68.
-31
Calculate 20 - (-16 + -21 + 48) - 70.
-61
251 + (-205 - 57) - (1 + -2 + -11)
1
(32 - (16 + -6)) + (-22 - -4)
4
Calculate -25 - ((4 - 3) + 31 + -39) - -1.
-17
Evaluate -1 + (0 - 2) + 9 + (-43 - -17 - -49).
29
65 - (-14 + (-2 - (-13 + (-5 - -1) + 8)))
72
Calculate 97 - (-64 + 136 + -43).
68
What is the value of -4 - (-4 - 20 - (8 - -39))?
67
What is the value of 37 + -40 + -41 + -2 + -6?
-52
Calculate 19 + -23 + -8 + 0 - -8.
-4
Calculate (15 + -11 + 7 - (5 + -3)) + (35 - 95).
-51
What is the value of (10 - 0) + (5 - 29) + 18 + 17 + -13?
8
Calculate 82 + 43 + 40 + -145.
20
Evaluate -11 + 11 + -1 + -6 - (8 - (-4 + 36)).
17
What is the value of (-23 - (19 + -10)) + (-142 - -134)?
-40
Calculate -7 + -5 - (-13 - (-11 + 7)) - (-42 - -6).
33
Calculate -5 + (161 - 30 - 59).
67
Evaluate (-13 - 0 - (-76 + 49)) + -95.
-81
What is 489 - 444 - (1 - -23)?
21
What is the value of 34 - (-138 - -35) - 229?
-92
Calculate (-1 - -3 - 67) + (701 - 711).
-75
What is the value of (85 - 20) + (-2 + (-9 - -18 - 0) - -5)?
77
What is the value of 29 + (-2 - -5) + (165 + -145 - (0 + 24))?
28
Calculate 7 + 19 + -78 + 2 + 11.
-39
What is -62 - -27 - (2 - (3 + 1 + -5))?
-38
-29 - (39 + -182) - 21
93
What is the value of 2 + (-7 - -7) + (39 + 4 